{"id":2,"date":"2019-03-28T01:02:32","date_gmt":"2019-03-28T00:02:32","guid":{"rendered":"https:\/\/hundarutanhem.se\/hundpromenaden\/?page_id=2"},"modified":"2021-03-02T19:31:35","modified_gmt":"2021-03-02T18:31:35","slug":"exempelsida","status":"publish","type":"page","link":"https:\/\/hundarutanhem.se\/hundpromenaden\/","title":{"rendered":"Hundar Utan Hem Selfiepromenad 2021"},"content":{"rendered":"<p><strong>G\u00e5 \u00e5rets viktigaste promenad s\u00f6ndagen den 28:e mars \u2013 Selfiepromenaden \ud83d\udc99<\/strong><\/p>\n<p>2021 f\u00f6rvandlar vi \u00e5terigen Hundar Utan Hems Hundpromenad till Selfiepromenaden!\ud83d\udcf8\ud83d\udc36<\/p>\n<p>F\u00f6r \u00e5ttonde \u00e5ret i rad arrangerar Hundar Utan Hem en hundpromenad f\u00f6r att samla in pengar till utsatta och heml\u00f6sa hundar. Samh\u00e4llet \u00e4r h\u00e5rt pr\u00f6vat av pandemin, men hundarna beh\u00f6ver fortfarande er hj\u00e4lp! D\u00e4rf\u00f6r v\u00e4lkomnar vi er till Hundar Utan Hems Selfiepromenad, en online-hundpromenad d\u00e4r du utan att riskera din och andras h\u00e4lsa p\u00e5 ett trevligt och roligt s\u00e4tt kan hj\u00e4lpa hundar som beh\u00f6ver dig.<\/p>\n<p>Det \u00e4r superenkelt att vara med och alla kan delta, med eller utan hund \ud83d\udc36<\/p>\n<p><strong>S\u00f6ndagen den 28:e mars<\/strong> g\u00e5r du en h\u00e4rlig promenad. Du best\u00e4mmer sj\u00e4lv vilken tid, vilken plats och hur l\u00e5ngt du vill g\u00e5.<\/p>\n<p><u>Det enda du beh\u00f6ver g\u00f6ra \u00e4r att:<\/u><\/p>\n<ul>\n<li>Swisha ditt bidrag till 123 161 62 26, alla som g\u00e5r med sk\u00e4nker minst 75 kronor per person<\/li>\n<li>Ta en selfie p\u00e5 dig och ditt s\u00e4llskap<\/li>\n<li>L\u00e4gg upp bilden p\u00e5 sociala medier och skriv vart du har g\u00e5tt (ort). P\u00e5 Instagram taggar du bilden med <strong style=\"color:#1094d1\">#huhselfiepromenad2021<\/strong> och p\u00e5 Facebook kan du dela din bild i v\u00e5rt Facebookevenemang<\/li>\n<\/ul>\n<p>Det viktigaste \u00e4r s\u00e5klart att ha trevligt och kul! Lek med din hund under promenaden och njut av utomhusaktiviteter! Det beh\u00f6ver vi i dessa tider.<br \/>\nS\u00e5 hj\u00e4lp oss att upprepa f\u00f6rra \u00e5rets succ\u00e9 och se till att s\u00f6ndagen den 28:e mars blir Sveriges st\u00f6rsta online-hundpromenad! Tillsammans kan vi g\u00f6ra skillnad \ud83d\udc99<\/p>\n<blockquote><p><strong>Har du inte m\u00f6jlighet att delta i en promenad? Sk\u00e4nk en g\u00e5va \u00e4nd\u00e5:<\/strong><\/p>\n<p><strong>Plusgiro:<\/strong> 30 99 36 \u2013 3<br \/>\n<strong>Swish:<\/strong> 123 161 6226<\/p><\/blockquote>\n<p>Det \u00e4r allas ansvar att minska spridningen av Coronaviruset. Alla b\u00f6r undvika st\u00f6rre sammankomster just nu, \u00e4ven om du \u00e4r ung och frisk. L\u00e4s g\u00e4rna de allm\u00e4nna riktlinjerna fr\u00e5n <a href=\"https:\/\/www.folkhalsomyndigheten.se\/\" rel=\"noopener noreferrer\" target=\"_blank\">Folkh\u00e4lsomyndigheten<\/a>.<\/p>\n","protected":false},"excerpt":{"rendered":"<p>G\u00e5 \u00e5rets viktigaste promenad s\u00f6ndagen den 28:e mars \u2013 Selfiepromenaden \ud83d\udc99 2021 f\u00f6rvandlar vi \u00e5terigen Hundar Utan Hems Hundpromenad till Selfiepromenaden!\ud83d\udcf8\ud83d\udc36 F\u00f6r \u00e5ttonde \u00e5ret i rad arrangerar Hundar Utan Hem en hundpromenad f\u00f6r att samla in pengar till utsatta och heml\u00f6sa hundar. Samh\u00e4llet \u00e4r h\u00e5rt pr\u00f6vat av pandemin, men hundarna beh\u00f6ver fortfarande er hj\u00e4lp! D\u00e4rf\u00f6r [&hellip;]<\/p>\n","protected":false},"author":1,"featured_media":0,"parent":0,"menu_order":0,"comment_status":"closed","ping_status":"open","template":"","meta":[],"_links":{"self":[{"href":"https:\/\/hundarutanhem.se\/hundpromenaden\/wp-json\/wp\/v2\/pages\/2"}],"collection":[{"href":"https:\/\/hundarutanhem.se\/hundpromenaden\/wp-json\/wp\/v2\/pages"}],"about":[{"href":"https:\/\/hundarutanhem.se\/hundpromenaden\/wp-json\/wp\/v2\/types\/page"}],"author":[{"embeddable":true,"href":"https:\/\/hundarutanhem.se\/hundpromenaden\/wp-json\/wp\/v2\/users\/1"}],"replies":[{"embeddable":true,"href":"https:\/\/hundarutanhem.se\/hundpromenaden\/wp-json\/wp\/v2\/comments?post=2"}],"version-history":[{"count":28,"href":"https:\/\/hundarutanhem.se\/hundpromenaden\/wp-json\/wp\/v2\/pages\/2\/revisions"}],"predecessor-version":[{"id":187,"href":"https:\/\/hundarutanhem.se\/hundpromenaden\/wp-json\/wp\/v2\/pages\/2\/revisions\/187"}],"wp:attachment":[{"href":"https:\/\/hundarutanhem.se\/hundpromenaden\/wp-json\/wp\/v2\/media?parent=2"}],"curies":[{"name":"wp","href":"https:\/\/api.w.org\/{rel}","templated":true}]}}