{"id":19,"date":"2019-03-28T01:14:34","date_gmt":"2019-03-28T00:14:34","guid":{"rendered":"https:\/\/hundarutanhem.se\/hundpromenaden\/?page_id=19"},"modified":"2021-03-02T19:23:31","modified_gmt":"2021-03-02T18:23:31","slug":"arrangera","status":"publish","type":"page","link":"https:\/\/hundarutanhem.se\/hundpromenaden\/arrangera\/","title":{"rendered":"Arrangera Promenad"},"content":{"rendered":"<h4>Kan du hj\u00e4lpa till att arrangera en promenad i ditt n\u00e4romr\u00e5de?<\/h4>\n<p>Hundpromenaden \u00e4r en enkel och l\u00e4ttarrangerad aktivitet d\u00e4r du bidrar med ditt engagemang och n\u00e5gra timmar av din tid. Du kommer f\u00e5 st\u00f6d fr\u00e5n oss i form av informationsmaterial. Ju fler promenader som arrangeras desto fler hundar kan f\u00e5 hj\u00e4lp fr\u00e5n veterin\u00e4rfonden.<\/p>\n<p>Kontakta oss f\u00f6r att anm\u00e4la att du vill arrangera en promenad och f\u00f6r att f\u00e5 mer information: <a href=\"mailto:hundpromenaden@hundarutanhem.se\">hundpromenaden@hundarutanhem.se<\/a><\/p>\n","protected":false},"excerpt":{"rendered":"<p>Kan du hj\u00e4lpa till att arrangera en promenad i ditt n\u00e4romr\u00e5de? Hundpromenaden \u00e4r en enkel och l\u00e4ttarrangerad aktivitet d\u00e4r du bidrar med ditt engagemang och n\u00e5gra timmar av din tid. Du kommer f\u00e5 st\u00f6d fr\u00e5n oss i form av informationsmaterial. Ju fler promenader som arrangeras desto fler hundar kan f\u00e5 hj\u00e4lp fr\u00e5n veterin\u00e4rfonden. Kontakta oss [&hellip;]<\/p>\n","protected":false},"author":1,"featured_media":0,"parent":0,"menu_order":0,"comment_status":"closed","ping_status":"closed","template":"","meta":[],"_links":{"self":[{"href":"https:\/\/hundarutanhem.se\/hundpromenaden\/wp-json\/wp\/v2\/pages\/19"}],"collection":[{"href":"https:\/\/hundarutanhem.se\/hundpromenaden\/wp-json\/wp\/v2\/pages"}],"about":[{"href":"https:\/\/hundarutanhem.se\/hundpromenaden\/wp-json\/wp\/v2\/types\/page"}],"author":[{"embeddable":true,"href":"https:\/\/hundarutanhem.se\/hundpromenaden\/wp-json\/wp\/v2\/users\/1"}],"replies":[{"embeddable":true,"href":"https:\/\/hundarutanhem.se\/hundpromenaden\/wp-json\/wp\/v2\/comments?post=19"}],"version-history":[{"count":4,"href":"https:\/\/hundarutanhem.se\/hundpromenaden\/wp-json\/wp\/v2\/pages\/19\/revisions"}],"predecessor-version":[{"id":54,"href":"https:\/\/hundarutanhem.se\/hundpromenaden\/wp-json\/wp\/v2\/pages\/19\/revisions\/54"}],"wp:attachment":[{"href":"https:\/\/hundarutanhem.se\/hundpromenaden\/wp-json\/wp\/v2\/media?parent=19"}],"curies":[{"name":"wp","href":"https:\/\/api.w.org\/{rel}","templated":true}]}}